 + 9.
5
Evaluate 1 - 5 - ((2 - -11) + -11).
-6
Calculate 69 - 67 - (-5 + 1).
6
Calculate 6 + 3 + (-8 - 0).
1
(-4 + 12 - 10) + -1 + -1
-4
-7 - (5 + -6 - -1)
-7
-6 + 15 + -10 + 5
4
Evaluate 0 + (-3 - -4) + -1 - 2.
-2
What is the value of -7 + (-2 - 0) + (4 - 0)?
-5
What is the value of -3 + 8 + (-11 - -7)?
1
Evaluate -2 - (0 - 3) - (-17 - -13).
5
What is the value of (0 - 0) + (-9 - -17) + -3?
5
What is the value of -14 + 15 + -2 + 0?
-1
What is (-5 - -5) + -1 - 2?
-3
What is -8 + (-3 - -15) + -6?
-2
Evaluate -8 - (-7 + 0 - 2).
1
What is (-9 - -7) + (-9 - -3 - -3)?
-5
Calculate 0 - (1 + -4 + 8).
-5
What is the value of 90 - 98 - (-2 + (-1 - 0))?
-5
(-2 - (9 + -7)) + (2 - 1)
-3
What is -4 - (-4 - (18 - 9))?
9
What is the value of -4 - (-16 + (-1 - -9))?
4
-8 - ((1 + -7 - -1) + 2)
-5
What is the value of 10 + (-13 - -4 - 8)?
-7
Calculate 1 + (-2 - -6) + (-12 - -11).
4
Calculate -1 - 2 - (-6 + (12 - 10)).
1
-10 - ((8 - 12) + -14)
8
What is the value of 5 + 6 + -4 - 3?
4
Evaluate -1 + 4 - (-3 - -8 - 3).
1
What is -5 + -2 + (-11 - -13)?
-5
Calculate (-2 - -1) + -3 + -19 + 29.
6
Evaluate 13 + (1 - 0 - 8) - 0.
6
Calculate 0 - (-17 + 10 - (-2 + -1)).
4
What is the value of 1 - (3 + 4) - -10?
4
Calculate 0 + -2 - (-57 - -58).
-3
What is the value of 2 + -2 - (-2 - -4) - -4?
2
What is the value of (48 - 65) + 15 + -4?
-6
18 - 16 - (0 + (-1 - -4))
-1
Calculate -1 + (-1 - -3) + -3 + 5.
3
Calculate -14 - (-5 - 9 - -3).
-3
Evaluate 0 + -2 - -1 - (-11 + 7).
3
Evaluate 2 + 4 + (2 - 0) + -3.
5
What is 3 + (-4 - (-4 - -5))?
-2
-64 + 73 - (4 + 1)
4
What is -5 - (-22 + 11 + 10)?
-4
What is the value of (-28 - -32) + (0 - -1 - 10)?
-5
Evaluate (2 - 2) + 5 + 0.
5
Calculate (-2 + 7 - 2) + 1 + 1.
5
Evaluate (-1 - -13) + 23 + -23 + -3.
9
What is the value of (3 - (-1 + 1)) + (182 - 184)?
1
3 + -14 + 12 + -6 - -4
-1
What is the value of 0 - -19 - (-12 - -22)?
9
10 + -3 + -12 - (4 + -13)
4
-1 + -1 + 4 + (1 - 0)
3
1 + 2 + -1 - 2
0
What is the value of 8 + -3 + 0 - 8?
-3
-5 - -5 - ((-3 - -11) + -4)
-4
What is -3 + -1 - (0 - 1)?
-3
10 - (10 + 3) - -10
7
What is the value of (9 - 13) + -1 + 5?
0
What is (-6 - -1) + 0 + (3 - -4)?
2
What is 3 - 1 - (-8 + 17 - 5)?
-2
What is the value of 1 + 2 + 0 + -1 + 2?
4
What is the value of -2 + -1 + -4 + 10?
3
Evaluate -3 + (-9 - -5 - (2 + -8)).
-1
Evaluate -5 + 3 + -2 + (-3 - -5).
-2
Evaluate 0 - (1 - (1 + 1 - 0)).
1
Calculate 0 - -4 - 2 - -2.
4
Calculate (3 - 0) + (-10 - -6).
-1
Evaluate -5 + (5 - -1) + 4.
5
What is 5 + (-1 - 1 - (11 + -7))?
-1
Evaluate 0 + -4 - ((7 - 10) + -5).
4
What is the value of -6 + 2 + 5 - 1?
0
Calculate -4 - 2 - (-2 - 4).
0
Evaluate 1 + (-5 - -10 - (-1 - -3)).
4
Evaluate (9 - (0 - -20)) + 6.
-5
Calculate -22 - -26 - (4 + 1).
-1
Evaluate (13 - 7) + (-2 - 3).
1
6 + (0 - 2) + -1 - 7
-4
Evaluate (-37 - -40) + (1 - 6).
-2
What is the value of (-1 - 15) + 240 + -235?
-11
-3 + 1 + 0 + 8
6
(-3 - (-6 + -2)) + -2
3
Evaluate -2 - (-1 + -5 + 4).
0
Evaluate -2 + (8 - 4) + -7.
-5
Calculate (3 - 5) + (2 - 6).
-6
What is the value of 0 + (-5 - -7) + (0 - 1)?
1
Evaluate -1 - (-2 - (3 + -7 - -2)).
-1
What is the value of 4 + 0 + -7 + 13 + -3?
7
What is the value of (2 - -2) + (-4 - -4) + -7?
-3
What is the value of -5 + (4 - (1 + 0))?
-2
Evaluate 4 + -1 + 3 - (3 + -1).
4
What is the value of (-1 - -6) + -4 + 16 + -18?
-1
Evaluate -4 - (4 + 0 + -3).
-5
What is the value of (-2 - (-3 - 2)) + -3 + -3?
-3
What is -1 - -1 - (-46 - -45)?
1
What is (-1 - (8 + (0 - 3))) + 1?
-5
What is the value of (3 - -1) + (-5 - 4)?
-5
What is 0 - 4 - (9 - 10)?
-3
Evaluate -1 - 0 - (-3 + 5 - 3).
0
Evaluate -14 + 8 - -13 - (2 - -4).
1
What is the value of 6 + -2 + 0 + (1 - 3)?
2
What is 2 + -1 + -8 + 8?
1
2 - (5 + -2 + 2) - -4
1
What is the value of -2 + 12 - (-4 - (16 - 23))?
7
What is (-8 - (7 - 8)) + (3 - 0)?
-4
Calculate 15 + (11 - 25) + 7.
8
Calculate 5 - (6 - 4) - -2.
5
3 + -1 + (-1 - -23) + -20
4
Calculate -1 + 2 + 2 - (48 - 43).
-2
(6 - 9) + (-2 - -3) + 2
0
4 + (8 - (14 - (0 - -2)))
0
What is the value of (2 + -4 - 0 - -3) + -4?
-3
Evaluate 7 + -4 + -7 - (-1 - 1).
-2
5 - (10 - (2 + -2))
-5
Evaluate 6 + -11 - (-10 + 2).
3
What is the value of 1 + -10 - (-23 + 16)?
-2
-2 + 8 + -4 + 1 + -1
2
Calculate 2 + (-4 - -9) + -5 + 1.
3
-2 + (6 + -6 - (-1 - 0))
-1
What is -4 + 11 + -6 - 0?
1
-13 - (-21 - -16 - (-1 + 2))
-7
4 + -2 + 2 + -4 - 0
0
6 + -7 + (-3 - 2)
-6
What is the value of -6 + 6 - (-3 + 4 + 2)?
-3
Calculate -7 + (10 - (-2 + 2)).
3
What is the value of (-20 - -11) + 8 + -1?
-2
Calculate (-4 - (6 - 15)) + 2 + 2.
9
What is the value of 1 + -2 + -5 + -4?
-10
-1 + -3 + 1 + -11 + 11
-3
Calculate -6 - (0 + (-1 - 1)).
-4
(-5 - -2) + 4 + (6 - 3)
4
Calculate -4 + (12 - (-4 + 2 + 7)).
3
Calculate -4 + -3 + 3 + 6.
2
Calculate 7 - (-5 + 1 + 17).
-6
What is the value of -7 + (2 - (5 + -2 + -4))?
-4
What is 6 + 1 + -6 + 4?
5
2 + -5 + 0 + (3 - 3)
-3
Calculate 1 + 5 + (3 - 15) + 2.
-4
(-1 - 1) + (1 - (1 - -3))
-5
Evaluate 4 + 0 + 9 + -8.
5
What is the value of -15 - -10 - 2 - -3?
-4
Calculate -4 + (0 - -5) - -4.
5
What is 5 + -14 + (1 - -13)?
5
Calculate -4 - 0 - 2 - (-1 + -3).
-2
What is the value of 5 - (8 + -5 + (7 - 0))?
-5
Evaluate -2 - (7 + (-4 - 9)).
4
Calculate 6 - (4 + -3 + 3).
2
What is the value of -1 - (4 + 10 + -20)?
5
What is (5 - (-1 + 0)) + -2?
4
What is the value of 0 + (-2 + -1 - 5)?
-8
Evaluate (-1 - 3 - -2) + 12 - 5.
5
What is 0 - ((7 - 9) + -1)?
3
Calculate (1 - -1) + -1 - (1 - 1).
1
What is the value of 5 - ((3 - -8) + -4)?
-2
Calculate (5 - 10) + 3 + 2 + -2.
-2
What is the value of -4 - (3 + (-15 - -5))?
3
Evaluate 2 + 1 - ((4 - 2) + -1).
2
Calculate -6 - -4 - (-6 - (-4 + 0)).
0
(1 + -5 - -2) + 2 - 3
-3
Evaluate 10 + -16 - (-9 + 1).
2
Calculate (3 - (-1 - 2 - -6)) + 0.
0
4 - (-4 - (-4 + 0))
4
-4 + 4 + 6 + -13
-7
Evaluate 4 + (-10 - -4) + 3.
1
-2 - ((3 - (4 + -1)) + 1)
-3
What is the value of 8 + -5 + -8 - (-6 + 1)?
0
Calculate 10 + -2 + (-8 - (-5 + 0)).
5
Evaluate 4 - (5 + (1 - -3)).
-5
What is -2 - -5 - -1 - 7?
-3
Calculate 4 + -5 + (-3 - 1).
-5
-2 + (-2 - (5 - (12 + 1)))
4
Evaluate -1 - 6 - (-4 + 0).
-3
1 - (0 - -1) - (-3 - 0)
3
What is the value of 6 + (-21 + 5 - -11)?
1
1 + -1 + -2 - -6
4
Calculate -3 + (-3 - -6) + 1.
1
Evaluate -3 - (-4 + (0 - -4)).
-3
What is the value of -4 - (4 - 6) - -3?
1
What is -4 - ((2 - -4) + -7)?
-3
What is the value of (3 - (-5 + 2)) + -10?
-4
What is -12 - -10 - (0 - -2 - 1)?
-3
What is 2 + -1 + 19 + -14?
6
What is the value of 1 + -1 + 10 + -8 - -1?
3
What is (-3 - (-4 + -1)) + 0?
2
Evaluate (-3 - (-4 + 0 + 2)) + 0.
-1
Evaluate 0 - (5 + -6 + 2).
-1
What is the value of 5 - ((5 - 1) + -4)?
5
3 + -9 + 2 + 4 + -2
-2
Evaluate 2 + (-4 - 2) + 4 + -1.
-1
Evaluate 1 + 0 - (-13 + 18).
-4
Calculate (-1 - (1 + 2)) + (2 - 0).
-2
Evaluate (-1 - -2) + (0 - (-7 - -13)).
-5
Calculate -17 - (-3 + 0) - -5 - -1.
-8
What is the value of 1 + (-2 - (-2 - 0))?
1
Evaluate -3 + 6 + -4 + 2 + 1.
2
Evaluate -5 + (9 - 1) + -4 + -3.
-4
2 - (-11 - -8) - 2
3
-5 + -1 - (28 - 29)
-5
What is (0 - (1 - -2)) + -2 + 4?
-1
Calculate 4 - (5 + 7) - -5.
-3
Evaluate 16 + -6 - (-1 - -5) - 15.
-9
(1 + (0 - 1) - -7) + -3
4
-2 + (-3 - (7 + -9))
-3
Calculate 6 + (-8 - -11) + -3.
6
Calculate 0 + 4 + -4 - (-2 + -1).
3
Evaluate -8 - (-9 + -13 - -7).
7
What is (0 - -1) + -1 + 2?
2
Evaluate -3 + (-1 - -5 - 6) - 2.
-7
What is -5 + 3 + (-2 - 1)?
-5
2 + (-2 - 0) - (-41 - -41)
0
What is the value of 8 - (-6 - (-12 + (-5 - -6)))?
3
Evaluate (-4 - -2) + 6 + 2 + -2.
4
Calculate 10 + -6 + 1 + 1.
6
What is the value of 9 + -8 - (1 - -3)?
-3
(0 - 4) + (13 - 9) + 1
1
What is the value of -10 - (-8 - -6) - -1?
-7
(1 - 1) + (3 - (-4 + 3))
4
Calculate 16 + -16 + (3 - 0) - 1.
2
What is 7 + -3 - (-1 + 6)?
-1
(-32 - -29) + -1 + 4 - -1
1
Calculate -4 - (1 - (6 + 3)).
4
Calculate -5 + (17 - (-10 + 18)).
4
Evaluate -11 - -19 - (1 - -4 - 3).
6
Calculate (2 - (4 - 1)) + 1 + 2.
2
What is the value of -1 + (-6 - -10) - (-1 - 0)?
4
What is 10 - (-5 - ((1 - 1) + -11))?
4
-5 + 9 - (-4 - (-9 - -3))
2
What is the value of -12 - (-2 - (3 + -8 + 7))?
-8
(5 - 8) + 4 + 2 + 2
5
What is -6 + (4 - 3) - -9?
4
What is -1 + 1 + (1 - 1)?
0
What is (-1 - 1) + 4 + (-15 - -8)?
-5
2 - (0 - 2 - -2 - 1)
3
What is the value of 7 - 13 - -2 - (-4 + 0)?
0
(-3 - 3) + 3 - -8
5
(-6 - (0 - (1 + -5))) +